{"id":29,"date":"2022-10-20T14:04:23","date_gmt":"2022-10-20T14:04:23","guid":{"rendered":"https:\/\/blogceta.zaragoza.unam.mx\/vbioedo\/?page_id=29"},"modified":"2026-02-02T06:19:01","modified_gmt":"2026-02-02T06:19:01","slug":"hipotesis","status":"publish","type":"page","link":"https:\/\/blogceta.zaragoza.unam.mx\/vbioedo\/hipotesis\/","title":{"rendered":"Ley de enfriamiento"},"content":{"rendered":"\n<p class=\"has-text-align-center has-background\" style=\"background-color:#aae59e33\">Es una ecuaci\u00f3n diferencial de primer orden que describe c\u00f3mo cambia la temperatura de un objeto con respecto al tiempo cuando est\u00e1 en contacto con un medio circundante a una temperatura diferente. <\/p>\n\n\n\n<p class=\"has-text-align-center\">Tiene varias aplicaciones pr\u00e1cticas en diversos campos,  en el \u00e1rea Biol\u00f3gica se tienen los siguientes enfoques:<\/p>\n\n\n\n<ul>\n<li>Se puede aplicar para entender como se regula la temperatura en los ecosistemas. <\/li>\n\n\n\n<li>Tambi\u00e9n para comprender c\u00f3mo los organismos intercambian calor con su entorno y c\u00f3mo esta capacidad de termorregulaci\u00f3n afecta su fisiolog\u00eda.<\/li>\n<\/ul>\n\n\n<div class=\"wp-block-image\">\n<figure class=\"aligncenter size-large\"><img decoding=\"async\" loading=\"lazy\" width=\"1024\" height=\"426\" src=\"https:\/\/blogceta.zaragoza.unam.mx\/vbioedo\/wp-content\/uploads\/sites\/91\/2025\/08\/Iguana-Ley-de-Enfriamiento-de-Newton-1024x426.png\" alt=\"\" class=\"wp-image-862\" srcset=\"https:\/\/blogceta.zaragoza.unam.mx\/vbioedo\/wp-content\/uploads\/sites\/91\/2025\/08\/Iguana-Ley-de-Enfriamiento-de-Newton-1024x426.png 1024w, https:\/\/blogceta.zaragoza.unam.mx\/vbioedo\/wp-content\/uploads\/sites\/91\/2025\/08\/Iguana-Ley-de-Enfriamiento-de-Newton-300x125.png 300w, https:\/\/blogceta.zaragoza.unam.mx\/vbioedo\/wp-content\/uploads\/sites\/91\/2025\/08\/Iguana-Ley-de-Enfriamiento-de-Newton-768x320.png 768w, https:\/\/blogceta.zaragoza.unam.mx\/vbioedo\/wp-content\/uploads\/sites\/91\/2025\/08\/Iguana-Ley-de-Enfriamiento-de-Newton-1536x639.png 1536w, https:\/\/blogceta.zaragoza.unam.mx\/vbioedo\/wp-content\/uploads\/sites\/91\/2025\/08\/Iguana-Ley-de-Enfriamiento-de-Newton-2048x852.png 2048w\" sizes=\"(max-width: 1024px) 100vw, 1024px\" \/><figcaption class=\"wp-element-caption\">Variaci\u00f3n de la temperatura corporal de una iguana al pasar del sol a la sombra, ilustrando la Ley de Enfriamiento de Newton.                   <br><br>Al sol(35\u00b0), su temperatura subi\u00f3 m\u00e1s que la del aire  (25\u00b0C).                                                    Al llegar a la sombra, su temperatura empieza a bajar r\u00e1pido.                            <br>Cuando la temperatura se acerca a la del ambiente, el cambio es cada vez m\u00e1s lento.<\/figcaption><\/figure><\/div>\n\n\n<hr class=\"wp-block-separator has-alpha-channel-opacity has-electric-grass-gradient-background has-background\" \/>\n\n\n\n<p class=\"has-text-align-center\">En particular se ha hecho \u00e9nfasis en la aplicaci\u00f3n a las ciencias forenses: <\/p>\n\n\n\n<p>Los investigadores forenses utilizan la ley de enfriamiento de Newton junto con datos de temperatura ambiente, la humedad, la masa corporal, la ropa y otros para estimar el tiempo transcurrido desde la muerte. Este proceso implica medir la temperatura corporal del cad\u00e1ver en intervalos de tiempo conocidos despu\u00e9s del descubrimiento del cuerpo y luego ajustar estos datos a una curva de enfriamiento utilizando la ley de Newton. <\/p>\n\n\n\n<hr class=\"wp-block-separator has-alpha-channel-opacity has-electric-grass-gradient-background has-background is-style-wide\" \/>\n\n\n\n<p class=\"has-text-align-center\">Es importante destacar que la estimaci\u00f3n del intervalo post-mortem mediante la ley del enfriamiento de Newton es un m\u00e9todo que puede tener limitaciones y debe complementarse con otros m\u00e9todos forenses, como la entomolog\u00eda forense (el estudio de los insectos que colonizan un cad\u00e1ver), el an\u00e1lisis de la rigidez cadav\u00e9rica (rigor mortis) y la descomposici\u00f3n del cuerpo. <\/p>\n\n\n\n<div style=\"height:41px\" aria-hidden=\"true\" class=\"wp-block-spacer\"><\/div>\n\n\n\n<div class=\"is-content-justification-space-between is-nowrap is-layout-flex wp-container-1 wp-block-buttons\">\n<div class=\"wp-block-button has-custom-font-size is-style-outline has-small-font-size\"><a class=\"wp-block-button__link has-text-color wp-element-button\" href=\"https:\/\/blogceta.zaragoza.unam.mx\/vbioedo\/logistica-ejemplos\/\" style=\"color:#63d145\">&lt;- Log\u00edstico Ejemplos<\/a><\/div>\n\n\n\n<div class=\"wp-block-button has-custom-font-size is-style-outline has-small-font-size\"><a class=\"wp-block-button__link has-text-color wp-element-button\" href=\"https:\/\/blogceta.zaragoza.unam.mx\/vbioedo\/ley-de-newton\/\" style=\"color:#63d145\">Ley de newton -&gt;<\/a><\/div>\n<\/div>\n\n\n\n<div style=\"height:41px\" aria-hidden=\"true\" class=\"wp-block-spacer\"><\/div>\n","protected":false},"excerpt":{"rendered":"<p>Es una ecuaci\u00f3n diferencial de primer orden que describe c\u00f3mo cambia la temperatura de un objeto con respecto al tiempo cuando est\u00e1 en contacto con un medio circundante a una temperatura diferente. Tiene varias aplicaciones pr\u00e1cticas en diversos campos, en el \u00e1rea Biol\u00f3gica se tienen los siguientes enfoques: En particular se ha hecho \u00e9nfasis en &hellip; <a href=\"https:\/\/blogceta.zaragoza.unam.mx\/vbioedo\/hipotesis\/\" class=\"more-link\">Seguir leyendo <span class=\"screen-reader-text\">Ley de enfriamiento<\/span> <span class=\"meta-nav\">&rarr;<\/span><\/a><\/p>\n","protected":false},"author":53,"featured_media":0,"parent":0,"menu_order":0,"comment_status":"closed","ping_status":"closed","template":"","meta":{"_bbp_topic_count":0,"_bbp_reply_count":0,"_bbp_total_topic_count":0,"_bbp_total_reply_count":0,"_bbp_voice_count":0,"_bbp_anonymous_reply_count":0,"_bbp_topic_count_hidden":0,"_bbp_reply_count_hidden":0,"_bbp_forum_subforum_count":0},"_links":{"self":[{"href":"https:\/\/blogceta.zaragoza.unam.mx\/vbioedo\/wp-json\/wp\/v2\/pages\/29"}],"collection":[{"href":"https:\/\/blogceta.zaragoza.unam.mx\/vbioedo\/wp-json\/wp\/v2\/pages"}],"about":[{"href":"https:\/\/blogceta.zaragoza.unam.mx\/vbioedo\/wp-json\/wp\/v2\/types\/page"}],"author":[{"embeddable":true,"href":"https:\/\/blogceta.zaragoza.unam.mx\/vbioedo\/wp-json\/wp\/v2\/users\/53"}],"replies":[{"embeddable":true,"href":"https:\/\/blogceta.zaragoza.unam.mx\/vbioedo\/wp-json\/wp\/v2\/comments?post=29"}],"version-history":[{"count":11,"href":"https:\/\/blogceta.zaragoza.unam.mx\/vbioedo\/wp-json\/wp\/v2\/pages\/29\/revisions"}],"predecessor-version":[{"id":88,"href":"https:\/\/blogceta.zaragoza.unam.mx\/vbioedo\/wp-json\/wp\/v2\/pages\/29\/revisions\/88"}],"wp:attachment":[{"href":"https:\/\/blogceta.zaragoza.unam.mx\/vbioedo\/wp-json\/wp\/v2\/media?parent=29"}],"curies":[{"name":"wp","href":"https:\/\/api.w.org\/{rel}","templated":true}]}}